hat is -354 + -25?
-379
In base 15, what is 1 + -5?
-4
In base 9, what is 0 + 455?
455
In base 4, what is -122 - 2?
-130
In base 15, what is 3 + 16b?
16e
In base 7, what is -4 - 14020?
-14024
In base 5, what is -11412 - 4?
-11421
In base 14, what is -1 - -6d?
6c
In base 2, what is -1110000 - -1110?
-1100010
In base 15, what is 6 + -9c?
-96
In base 8, what is 21 + -132?
-111
In base 16, what is -4 + -19?
-1d
In base 2, what is -1011110011000 - -100?
-1011110010100
In base 10, what is -4505 + -5?
-4510
In base 4, what is -3 - 1113?
-1122
In base 9, what is 5285 + -4?
5281
In base 15, what is -1 - -dd?
dc
In base 8, what is -2174 + -3?
-2177
In base 13, what is 3 + 35?
38
In base 7, what is 554 - -42?
626
In base 9, what is 0 - -272?
272
In base 8, what is 2510 - 3?
2505
In base 7, what is -52 - 52?
-134
In base 6, what is 2324 - 1?
2323
In base 3, what is 2102122 + -10?
2102112
In base 12, what is -135 + -12?
-147
In base 8, what is 22 - 1562?
-1540
In base 14, what is 1 + 2111?
2112
In base 10, what is -1 - -1336?
1335
In base 16, what is 4 + 7?
b
In base 14, what is -b - -3?
-8
In base 15, what is -4 + -b9b?
-ba0
In base 10, what is -44 + -2?
-46
In base 7, what is -3 + 1060?
1054
In base 6, what is -201 - -20?
-141
In base 12, what is 92 - 48?
46
In base 8, what is 2161 + -4?
2155
In base 5, what is 20003 - -4?
20012
In base 7, what is -252 - -5?
-244
In base 12, what is 24 - 1?
23
In base 13, what is 9 + 9c?
a8
In base 9, what is 23 + -4?
18
In base 14, what is -9a + -2?
-9c
In base 13, what is -2 + 85?
83
In base 16, what is -d31 - -5?
-d2c
In base 2, what is -10100 - 1011?
-11111
In base 12, what is -b - 64?
-73
In base 14, what is -4 + 11?
b
In base 4, what is 132020 + -11?
132003
In base 15, what is 3 + cd2?
cd5
In base 13, what is -4 + 12?
b
In base 2, what is 11000 + 1001100?
1100100
In base 13, what is 82 + -8?
77
In base 7, what is -5 - -1460?
1452
In base 16, what is -1c - -4?
-18
In base 16, what is -2 + 1?
-1
In base 15, what is 193 - 11?
182
In base 12, what is 4 - 1679?
-1675
In base 2, what is -10100 + 1110101101?
1110011001
In base 8, what is -526 + 42?
-464
In base 7, what is 30 + -116?
-56
In base 7, what is 20301 - -5?
20306
In base 7, what is -206155 + -2?
-206160
In base 2, what is -1000101 - 11000?
-1011101
In base 2, what is 10 + -11110?
-11100
In base 9, what is 23 + 6?
30
In base 8, what is -3 - -1107?
1104
In base 9, what is -7 - -13?
5
In base 15, what is -7b - 2?
-7d
In base 2, what is 1111000 + -1000?
1110000
In base 9, what is -15345 - 0?
-15345
In base 9, what is 2 + -61?
-58
In base 10, what is -515 - 1?
-516
In base 10, what is -5 + -88?
-93
In base 7, what is -14206 - 3?
-14212
In base 8, what is 30 - 164?
-134
In base 10, what is -225 + -4?
-229
In base 8, what is -51 - -3?
-46
In base 10, what is 483 - -14?
497
In base 4, what is -1 + 30203?
30202
In base 6, what is -2 - -100?
54
In base 8, what is 415 - -3?
420
In base 14, what is -b83 + 2?
-b81
In base 3, what is 110202101 + -2?
110202022
In base 12, what is 4 + 0?
4
In base 9, what is 46 + -106?
-50
In base 5, what is 10223 + -3?
10220
In base 2, what is 10 - -1011000?
1011010
In base 8, what is 6 - 165?
-157
In base 7, what is 25 + 2406?
2434
In base 4, what is 202 + 2?
210
In base 7, what is -16 - 3540?
-3556
In base 2, what is -110 + 1110100100?
1110011110
In base 4, what is 10 - -100010?
100020
In base 7, what is 3 - -24?
30
In base 14, what is 14c - -18?
166
In base 11, what is -a - -32?
23
In base 10, what is 305 - 11?
294
In base 14, what is 5 - c?
-7
In base 3, what is 200 - 20?
110
In base 2, what is 100101 - 10001?
10100
In base 15, what is -8 + -219?
-222
In base 11, what is -395 - 0?
-395
In base 15, what is 3 + -1140?
-113c
In base 15, what is -1e - -1?
-1d
In base 14, what is -1 + 2d?
2c
In base 16, what is 1f + 1?
20
In base 15, what is -465 + 4?
-461
In base 4, what is 322030 + -10?
322020
In base 12, what is 1726 + 3?
1729
In base 11, what is 4a1 - -5?
4a6
In base 5, what is 2443 + 0?
2443
In base 9, what is -2 - 5370?
-5372
In base 11, what is 1 + -47?
-46
In base 9, what is -5 - 71?
-76
In base 14, what is -53c - 1?
-53d
In base 4, what is 13102022 - 10?
13102012
In base 16, what is 248 - 4?
244
In base 3, what is 1022110 + -21?
1022012
In base 15, what is -3 - 2e1?
-2e4
In base 11, what is 4 - 206?
-202
In base 5, what is 2432 - 12?
2420
In base 12, what is 3 + -222?
-21b
In base 16, what is -461 - 1?
-462
In base 12, what is -b3 + -2?
-b5
In base 3, what is 1212 - -10?
1222
In base 13, what is 4 + -128?
-124
In base 16, what is -5 + 5fd?
5f8
In base 4, what is -3 + 33002?
32333
In base 15, what is -e - 79?
-88
In base 2, what is 1001101 - -110?
1010011
In base 13, what is -319 - 2?
-31b
In base 4, what is -20200 - -2?
-20132
In base 16, what is 11c - -2?
11e
In base 14, what is -15 - 0?
-15
In base 10, what is 5 - 426?
-421
In base 4, what is 3010 + 32?
3102
In base 16, what is -4 + 349?
345
In base 16, what is 3 - 324?
-321
In base 4, what is -130 + 102?
-22
In base 5, what is -3024 + 4?
-3020
In base 2, what is -11010 - 1010100?
-1101110
In base 8, what is 110 - -1?
111
In base 15, what is d80 + 3?
d83
In base 15, what is 37 + -8?
2e
In base 15, what is -7 + 11d?
116
In base 8, what is 24273 + -1?
24272
In base 7, what is 400 + 5?
405
In base 7, what is 20 - -61?
111
In base 15, what is 12 + 27?
39
In base 9, what is 272 - 26?
245
In base 13, what is 8a6 - -1?
8a7
In base 15, what is 1 + 1447?
1448
In base 4, what is 1102300 - 11?
1102223
In base 10, what is -1439 + 1?
-1438
In base 6, what is 235 - 12?
223
In base 4, what is 201032 + -2?
201030
In base 2, what is -100 - 1010?
-1110
In base 9, what is 2 + 5025?
5027
In base 12, what is 5a + 11?
6b
In base 2, what is 11101010111101 + 11?
11101011000000
In base 5, what is -11 + -404?
-420
In base 10, what is -827 - -3?
-824
In base 9, what is -7002 + -3?
-7005
In base 12, what is -1a8 - -27?
-181
In base 14, what is 3 - -190?
193
In base 10, what is 4 - -207?
211
In base 16, what is -17 - -2a8?
291
In base 14, what is -b + 12?
5
In base 4, what is 100102 + 10?
100112
In base 4, what is -12203313 - 10?
-12203323
In base 5, what is -43223 - 2?
-43230
In base 7, what is -5501 + -1?
-5502
In base 10, what is 28 + 11?
39
In base 7, what is -11 + -36?
-50
In base 5, what is 124 + 2?
131
In base 15, what is 140 - 4?
13b
In base 4, what is -1231202 - 2?
-1231210
In base 4, what is -30320 - -11?
-30303
In base 12, what is 11 - 15b?
-14a
In base 2, what is -1010110111 + -101?
-1010111100
In base 8, what is -1 + 136?
135
In base 14, what is 1 - -30?
31
In base 9, what is -8 + -218?
-227
In base 9, what is -686 + 1?
-685
In base 5, what is 1 - -20?
21
In base 11, what is 8 - 10?
-3
In base 5, what is 44 + 43?
142
In base 7, what is -2 + 35?
33
In base 10, what is -2029 + 0?
-2029
In base 12, what is 1 - -5a?
5b
In base 3, what is 2 - -2211022?
2211101
In base 7, what is 0 - -51?
51
In base 13, what is -b0 - -3?
-aa
In base 12, what is 964 + 4?
968
In base 11, what is -454 - -3?
-451
In base 12, what is 3 + 1b?
22
In base 8, what is 1 + -56?
-55
In base 4, what is -1 - 12122?
-12123
In base 2, what is -11 + 11010?
10111
In base 13, what is 3 - 10c?
-109
In base 7, what is -3 + 4222?
4216
In base 3, what is 21 - 12100?
-12002
In base 9, what is -173 - 0?
-173
In base 8, what is 12540 - 2?
12536
In base 7, what is 563 - -4?
600
In base 3, what is -2 + 21210?
21201
In base 13, what is -23 + 201?
1ab
In base 9, what is 4 - 30?
-25
In base 2, what is 1000 + -101111?
-100111
In base 3, what is 0 - 1210?
-1210
In base 2, what is -101 + -11101100?
-11110001
In base 10, what is 1207 + 3?
1210
In base 3, what is 2010 - 1120?
120
In base 13, what is -1 + -21?
-22
In base 6, what is 23115 - -13?
23132
In base 7, what is -166 - 0?
-166
In base 12, what is -4 - -195?
191
In base 5, what is 113 + -224?
-111
In base 12, what is ab - 3?
a8
In base 13, what is -4 + 139?
135
In base 7, what is 4 - 340?
-333
In base 11, what is -1 - -514?
513
In base 8, what is -5 - -245?
240
In base 10, what is 1282 - 4?
1278
In base 2, what is 111100 + -11011?
100001
In base 8, what is 7 - -11?
20
In base 3, what is -12 - -1011?
222
In base 2, what is -101 - -10001?
1100
In base 8, what is -3 - -661?
656
In base 5, what is -2